uppose y = -b*m + m. Calculate the highest common divisor of m and 4.
4
Let f = -23 + 44. Suppose -29 = 3*n + 4*q, 0*n + 2*q - 13 = n. Let b = 3 - n. What is the highest common factor of f and b?
7
Suppose 5*u - 4 = 6. Let c be -3 + 2 + u + 74. Calculate the highest common divisor of c and 15.
15
Let v(s) = 4*s**2 + 3*s - 7. Let q be v(-5). Let u be ((-6)/(-9))/(4/q). Let c be (-2)/(5 + -1)*-26. Calculate the greatest common divisor of c and u.
13
Suppose -5*x + 51 = -84. Suppose -3*n + x = -9. What is the greatest common divisor of 30 and n?
6
Let r(p) = -6*p + 3. Let f be r(2). Let d(v) = -v + 1. Let s be d(f). Calculate the greatest common divisor of s and 30.
10
Let a(b) = -b**2 + 20*b - 40. Let l be a(15). Suppose -5*o + q + 21 = 0, 8*q = 5*o + 4*q - 9. What is the highest common factor of o and l?
5
Let z(t) = t. Let u be z(4). Suppose -3*i = -2*i - u. What is the highest common factor of i and 32?
4
Let v be ((-14)/(-6))/(-1*(-1)/18). What is the highest common factor of v and 14?
14
Let v(l) be the first derivative of l**3 + 3*l**2/2 + 6*l + 1. Let t be v(-4). What is the greatest common divisor of t and 28?
14
Let y(p) = 8*p - 17. Let x be y(7). Calculate the highest common divisor of 13 and x.
13
Suppose -1 + 25 = 3*b. Let z = 8 + b. Calculate the greatest common factor of z and 128.
16
Suppose -2*x + 3 = -27. Let q = 24 - 9. What is the greatest common divisor of x and q?
15
Let t be (-6)/5*(-150)/9. Suppose 5*f + t = -0*f, -3*h + f - 11 = 0. Let y be 24/h*140/(-8). Calculate the highest common divisor of y and 12.
12
Let x = 85 - 77. What is the greatest common factor of 88 and x?
8
Let y be (1 - -5)/(6/3). Let j = y - 3. Suppose 3*w + 5*s - 17 = -j, 0 = -3*w + 5*s + 7. What is the greatest common divisor of w and 32?
4
Let v(i) = -2*i + 2. Let g be v(-2). Suppose -g*o = -o - 915. Let z = o + -87. Calculate the highest common factor of z and 12.
12
Let s be -10*(-1 + 9/(-2)). Let c(x) be the first derivative of 10*x**3/3 + x + 2. Let b be c(-1). What is the greatest common factor of s and b?
11
Suppose -2*a + 29 + 7 = 0. What is the greatest common factor of a and 6?
6
Suppose -3*i + 18 = -2*o - 48, 5*i = -o + 97. What is the highest common factor of 15 and i?
5
Let i(q) = -25*q + 1. Suppose 2*f - 12 = 4*d, d = 3*d + 4*f - 14. Let m be i(d). What is the highest common factor of m and 13?
13
Let j = 15 - 4. Calculate the highest common divisor of j and 55.
11
Suppose -4*c = a - 481, 17 - 5 = -4*a. Let i(u) = -u**2 - 23*u - 31. Let p be i(-21). What is the greatest common factor of p and c?
11
Let x(d) = -8*d - 3. Let q = -15 - -9. Let m be x(q). Let t = m + -21. What is the highest common divisor of 6 and t?
6
Suppose 14 = 3*h - h. Calculate the highest common divisor of h and 49.
7
Let r be 2/(-3) + (-6444)/(-27). Calculate the greatest common factor of r and 34.
34
Suppose 0 = 2*c + c. Suppose -4*q = -c*q - 8. Let d = q - -8. What is the greatest common divisor of d and 10?
10
Let s(o) = -2*o**2 - 15*o - 14. Let r be s(-6). Let u(l) = l + 7. Let h be u(-5). Calculate the highest common factor of r and h.
2
Let r be (-1)/(-2) + 5465/(-10). Let x be (-2)/(-8) - r/24. Let d = -89 + 181. What is the greatest common divisor of x and d?
23
Suppose 2*x - 1 - 1 = 0. Suppose -217 = -4*v - x. What is the highest common divisor of 6 and v?
6
Suppose -r = -6*r + 95. Calculate the highest common factor of 95 and r.
19
Let h = -21 + 35. Calculate the greatest common divisor of 21 and h.
7
Suppose -5*j + 140 = 5*y, 8 - 2 = -3*y. What is the greatest common factor of 24 and j?
6
Let p be (0 + -24)/(6/(-4)). What is the highest common divisor of p and 2?
2
Suppose c = -8 + 2. Let u = -4 - c. Suppose -2*r + 308 = u*r. Calculate the highest common divisor of r and 7.
7
Let a be (-89)/(-2) + 2/4. Let w = 24 + -40. Let i = 14 - w. What is the greatest common divisor of i and a?
15
Let m(j) = -j - 5. Let a(f) = -7*f + 1. Let t be a(1). Let x be m(t). What is the greatest common divisor of 2 and x?
1
Let b(h) be the first derivative of 11*h**3/3 + h + 3. Let p(o) = o - 2. Let s be p(0). Let z be b(s). What is the highest common divisor of 18 and z?
9
Suppose -5*a + 5*j = -0*a - 30, 13 = 3*a - 2*j. Let w be (9/(-6))/(a/(-4)). What is the highest common factor of 24 and w?
6
Let o(k) = -4*k + 5. Let j be o(-10). Suppose -j = -4*g - 9. Calculate the greatest common divisor of g and 3.
3
Let z(w) = 10*w + 13. Let t(s) = -3*s - 4. Let f(h) = -7*t(h) - 2*z(h). Let m be f(7). Suppose -5*a + 0*a = -495. What is the highest common factor of a and m?
9
Let m = -3 - -3. Suppose 4*u = 96 - m. Calculate the highest common divisor of 12 and u.
12
Let m be (-2)/((-75)/(-69) + -1). Let z = 3 - m. Suppose -22 = -4*l + z. What is the highest common divisor of 36 and l?
12
Suppose 4*g + 12 = 2*y + 44, -3*g = 3*y - 15. What is the greatest common factor of 63 and g?
7
Suppose 2*t + 4*q = -2*t + 556, q + 293 = 2*t. Calculate the highest common factor of 48 and t.
48
Suppose 0 = 16*k - 315 - 1413. Let r = -4 + 16. Calculate the highest common divisor of k and r.
12
Let x(u) = 49*u. Let w be x(3). Calculate the greatest common divisor of 21 and w.
21
Suppose 20 = h - 2*v + 4*v, -v = 3*h - 35. What is the greatest common factor of 40 and h?
10
Let i be (-2 - 4)*(-45)/6. What is the highest common factor of i and 9?
9
Suppose -c - 420 = -6*c. Let t be 42*(6/4)/3. Calculate the greatest common factor of t and c.
21
Let w = -18 + 32. What is the greatest common factor of 28 and w?
14
Let l be 28*((-4)/(-8) + 0). Let w = l + 3. What is the greatest common factor of w and 17?
17
Suppose 7*t - 2*t - 454 = -2*d, -5*d = -10. Let h = 29 + t. Let i be 1/((-16)/17 - -1). What is the highest common factor of h and i?
17
Let x = -10 + 19. Let d(c) = 3*c - 3. Let t be d(7). What is the greatest common factor of x and t?
9
Let w be (-78)/7 + (-7)/(-49). Let p = 17 + w. Calculate the greatest common factor of p and 18.
6
Let v = -7 + 16. Calculate the greatest common factor of v and 36.
9
Let t be (-5590)/(-117) + 4/18. Suppose -o - 8 + 30 = -5*l, -5*o + l + 62 = 0. What is the highest common factor of t and o?
12
Let m be (-354)/(-1 + 1/(-2)). Suppose 0 = -2*z + m - 28. Calculate the highest common divisor of 13 and z.
13
Let f be (-6)/(-2) + (58 - 0). Suppose -3*l + 74 + f = 0. Let g(k) = k**3 + 5*k**2 + 3*k. Let x be g(-3). What is the greatest common divisor of x and l?
9
Suppose 3*m = 4*w - 137, w - 3*m + 0*m - 32 = 0. Suppose -2*u + 3*n + 19 = 0, -5*u = -0*n + 5*n - w. Calculate the greatest common divisor of 8 and u.
8
Let c(k) = -k**2 - 8*k - 1. Let t be c(-5). Let u = -62 - -76. What is the highest common factor of t and u?
14
Let m = 1 - 0. Let p be ((-12)/(-18))/(m/72). Calculate the greatest common divisor of p and 32.
16
Let l = 72 - 9. What is the greatest common factor of l and 9?
9
Suppose 3*v = 25 + 23. Let n = -2 + 4. Suppose 0 = -n*y + 3*t + 102, -2*y + 0*y + 2*t = -100. Calculate the highest common factor of v and y.
16
Let j(w) = -w**3 - 3*w**2 - w + 2. Let a be j(-2). Suppose a*l + 375 = 5*l. Suppose 0 = c - 18 - 12. What is the greatest common divisor of c and l?
15
Let o = 46 + -18. Let m = 3 + 1. Calculate the greatest common divisor of m and o.
4
Suppose 3*j + j - 192 = 0. What is the highest common factor of j and 32?
16
Let x = -13 - -83. Suppose 5*j = 4 + 1, -2*y + 19 = 5*j. Suppose 0 = -y*f + 2*f + 140. What is the highest common factor of f and x?
14
Suppose -4*k = -6*k + 4. Let t be 30*(0/(-3) + k). Let o(m) = 5*m**2 + 2*m. Let i be o(2). Calculate the greatest common factor of t and i.
12
Let u = 20 - 10. Let p(f) = 6 - 5 - u + 9*f. Let b be p(6). What is the greatest common factor of 15 and b?
15
Let k = 23 - 14. Suppose -z = k - 6. Let d(y) = 9*y**2 - 4. Let u be d(z). Calculate the highest common factor of 11 and u.
11
Let y be 17 + 5 + 1*-3. Suppose -j = y - 1. Let z be ((j/(-1))/(-1))/(-2). Calculate the highest common factor of 1 and z.
1
Suppose -3*j + 24 = -9. Calculate the highest common factor of 33 and j.
11
Let c(y) = 14*y + 7. Let n(l) = -l**3 + l**2 - l + 3*l**2 + 0*l**3. Let m be n(3). Let z be c(m). Calculate the greatest common divisor of 13 and z.
13
Suppose y = 168 + 72. Calculate the greatest common divisor of y and 24.
24
Let q(l) = l